{"id":50696,"date":"2020-04-20T02:03:33","date_gmt":"2020-04-20T02:03:33","guid":{"rendered":"https:\/\/www.akilan.es\/?page_id=50696"},"modified":"2023-08-09T10:02:51","modified_gmt":"2023-08-09T08:02:51","slug":"inicio","status":"publish","type":"page","link":"https:\/\/www.akilan.es\/","title":{"rendered":"Inicio"},"content":{"rendered":"<p>[vc_row row_type=\u00bbrow\u00bb use_row_as_full_screen_section=\u00bbno\u00bb type=\u00bbgrid\u00bb anchor=\u00bbinicio\u00bb oblique_section=\u00bbno\u00bb text_align=\u00bbleft\u00bb triangle_shape=\u00bbno\u00bb padding_top=\u00bb73&#8243; css_animation=\u00bb\u00bb box_shadow_on_row=\u00bbno\u00bb][vc_column][vc_column_text]<\/p>\n<h2 style=\"text-align: center;\">AKILAN: VALOR A\u00d1ADIDO<\/h2>\n<p>[\/vc_column_text][vc_separator type=\u00bbsmall\u00bb position=\u00bbcenter\u00bb up=\u00bb24&#8243;][vc_column_text]<\/p>\n<p style=\"text-align: left;\">Las nuevas organizaciones competitivas del futuro ser\u00e1n aquellas que tengan implementadas aquellas funciones que aporten valor a\u00f1adido a su mercado, donde sus capacidades y recursos est\u00e9n orientados a ello.\u00a0Todas aquellas tareas que son complementarias y que suponen un trabajo extra a las empresas e instituciones son susceptibles de ser externalizadas y gestionadas de otra forma, m\u00e1s eficiente y sobre todo dedic\u00e1ndole aquellos recursos necesarios.<\/p>\n<p>&nbsp;<\/p>\n<p style=\"text-align: left;\">Externalizaci\u00f3n, foco empresarial, valor a\u00f1adido, costes ajustados a las necesidades empresariales, son algunos de los valores empresariales que mejor se adaptan a este nuevo modelo competitivo. En\u00a0AKILAN\u00a0tenemos la experiencia y el conocimiento para dar respuesta a este modelo de organizaci\u00f3n, con la garant\u00eda del trabajo realizado en otras organizaciones.<\/p>\n<p>[\/vc_column_text][\/vc_column][\/vc_row][vc_row row_type=\u00bbrow\u00bb use_row_as_full_screen_section=\u00bbno\u00bb type=\u00bbgrid\u00bb oblique_section=\u00bbno\u00bb text_align=\u00bbcenter\u00bb triangle_shape=\u00bbno\u00bb padding_top=\u00bb74&#8243; css_animation=\u00bb\u00bb box_shadow_on_row=\u00bbno\u00bb][vc_column][vc_single_image image=\u00bb50731&#8243; img_size=\u00bbfull\u00bb alignment=\u00bbcenter\u00bb edgt_css_animation=\u00bb\u00bb][\/vc_column][\/vc_row][vc_row row_type=\u00bbrow\u00bb use_row_as_full_screen_section=\u00bbno\u00bb type=\u00bbgrid\u00bb anchor=\u00bbdonde\u00bb oblique_section=\u00bbno\u00bb text_align=\u00bbcenter\u00bb triangle_shape=\u00bbno\u00bb padding_top=\u00bb41&#8243; css_animation=\u00bb\u00bb box_shadow_on_row=\u00bbno\u00bb][vc_column][vc_column_text]<\/p>\n<h2 style=\"text-align: center;\">D\u00d3NDE ESTAMOS<\/h2>\n<p>[\/vc_column_text][vc_separator type=\u00bbsmall\u00bb position=\u00bbcenter\u00bb border_style=\u00bbdotted\u00bb up=\u00bb24&#8243;][\/vc_column][\/vc_row][vc_row row_type=\u00bbrow\u00bb use_row_as_full_screen_section=\u00bbno\u00bb type=\u00bbgrid\u00bb oblique_section=\u00bbno\u00bb text_align=\u00bbleft\u00bb triangle_shape=\u00bbno\u00bb padding_top=\u00bb10&#8243; css_animation=\u00bb\u00bb box_shadow_on_row=\u00bbno\u00bb][vc_column width=\u00bb1\/3&#8243;][vc_column_text]<\/p>\n<h3 style=\"text-align: center;\">Vitoria-Gasteiz<\/h3>\n<p>[\/vc_column_text][vc_separator type=\u00bbtransparent\u00bb up=\u00bb7&#8243;][vc_column_text]<\/p>\n<p style=\"text-align: center;\">Badaya, 37<br \/>\n01012 Vitoria-Gasteiz<br \/>\n<strong>Tel<\/strong> 945 154 999<br \/>\n<span id=\"cloakba207364e869cb1f7e95a4b0ab5644de\"><strong>Mail<\/strong> <a href=\"mailto:akilan@akilan.es\">akilan@akilan.es<\/a><\/span><\/p>\n<p>[\/vc_column_text][vc_separator type=\u00bbtransparent\u00bb up=\u00bb15&#8243;][\/vc_column][vc_column width=\u00bb1\/3&#8243;][vc_column_text]<\/p>\n<h3 style=\"text-align: center;\">San Sebasti\u00e1n-Donostia<\/h3>\n<p>[\/vc_column_text][vc_separator type=\u00bbtransparent\u00bb up=\u00bb7&#8243;][vc_column_text]<\/p>\n<p style=\"text-align: center;\">Camino Portuetxe, 47 &#8211; 2\u00ba. Of. 25<br \/>\n20018 San Sebasti\u00e1n-Donostia<br \/>\n<strong>Tel<\/strong> 943 042 069<br \/>\n<span id=\"cloakba207364e869cb1f7e95a4b0ab5644de\"><strong>Mail<\/strong> <a href=\"mailto:akilan@akilan.es\">akilan@akilan.es<\/a><\/span><\/p>\n<p>[\/vc_column_text][vc_separator type=\u00bbtransparent\u00bb up=\u00bb15&#8243;][\/vc_column][vc_column width=\u00bb1\/3&#8243;][vc_column_text]<\/p>\n<h3 style=\"text-align: center;\">Bilbao-Leioa<\/h3>\n<p>[\/vc_column_text][vc_separator type=\u00bbtransparent\u00bb up=\u00bb7&#8243;][vc_column_text]<\/p>\n<p style=\"text-align: center;\">Calle Estartetxe, 5-1\u00ba Of. 126 (Edificio Ikea)<br \/>\n48940 Leioa<br \/>\nTel: 944 070 380<br \/>\n<span id=\"cloakba207364e869cb1f7e95a4b0ab5644de\"><strong>Mail<\/strong> <a href=\"mailto:akilan@akilan.es\">akilan@akilan.es<\/a><\/span><br \/>\n<span id=\"cloakba207364e869cb1f7e95a4b0ab5644de\"><\/span><\/p>\n<p>[\/vc_column_text][vc_separator type=\u00bbtransparent\u00bb up=\u00bb15&#8243;][\/vc_column][\/vc_row][vc_row row_type=\u00bbrow\u00bb use_row_as_full_screen_section=\u00bbno\u00bb type=\u00bbgrid\u00bb oblique_section=\u00bbno\u00bb text_align=\u00bbleft\u00bb triangle_shape=\u00bbno\u00bb padding_top=\u00bb10&#8243; css_animation=\u00bb\u00bb box_shadow_on_row=\u00bbno\u00bb][vc_column width=\u00bb1\/3&#8243;][vc_column_text]<\/p>\n<h3 style=\"text-align: center;\">Bilbao-Bilbo<\/h3>\n<p>[\/vc_column_text][vc_separator type=\u00bbtransparent\u00bb up=\u00bb7&#8243;][vc_column_text]<\/p>\n<p style=\"text-align: center;\">Gran Via, 19-21. 2\u00aa Planta<br \/>\n48014 Bilbao-Bilbo<br \/>\n<span id=\"cloakba207364e869cb1f7e95a4b0ab5644de\"><strong>Mail<\/strong> <a href=\"mailto:akilan@akilan.es\">akilan@akilan.es<\/a><\/span><\/p>\n<p>[\/vc_column_text][\/vc_column][vc_column width=\u00bb1\/3&#8243;][vc_column_text]<\/p>\n<h3 style=\"text-align: center;\">Logro\u00f1o<\/h3>\n<p>[\/vc_column_text][vc_separator type=\u00bbtransparent\u00bb up=\u00bb7&#8243;][vc_column_text]<\/p>\n<p style=\"text-align: center;\">Gran Via Juan Carlos I , 14,\u00a0 3\u00ba D<br \/>\n26001 Logro\u00f1o<br \/>\nTel: 941 041 091<br \/>\n<span id=\"cloakba207364e869cb1f7e95a4b0ab5644de\"><strong>Mail<\/strong> <a href=\"mailto:akilan@akilan.es\">akilan@akilan.es<\/a><\/span><\/p>\n<p>\u00a0[\/vc_column_text][\/vc_column][vc_column width=\u00bb1\/3&#8243;][vc_column_text]<\/p>\n<h3 style=\"text-align: center;\">Madrid<\/h3>\n<p>[\/vc_column_text][vc_separator type=\u00bbtransparent\u00bb up=\u00bb7&#8243;][vc_column_text]<\/p>\n<p style=\"text-align: center;\">Negocenter Business<br \/>\nAgust\u00edn de Betancourt, 21 &#8211; Oficinas 722-723<br \/>\n28003 \u2013 Madrid<br \/>\nTel: 695 628 105<br \/>\n<span id=\"cloakba207364e869cb1f7e95a4b0ab5644de\"><strong>Mail<\/strong> <a href=\"mailto:akilan@akilan.es\">akilan@akilan.es<\/a><\/span><\/p>\n<p>[\/vc_column_text][\/vc_column][\/vc_row][vc_row row_type=\u00bbrow\u00bb use_row_as_full_screen_section=\u00bbno\u00bb type=\u00bbgrid\u00bb oblique_section=\u00bbno\u00bb text_align=\u00bbcenter\u00bb triangle_shape=\u00bbno\u00bb padding_top=\u00bb74&#8243; css_animation=\u00bb\u00bb box_shadow_on_row=\u00bbno\u00bb][vc_column width=\u00bb1\/2&#8243;][vc_single_image image=\u00bb50725&#8243; img_size=\u00bbfull\u00bb edgt_css_animation=\u00bb\u00bb][\/vc_column][vc_column width=\u00bb1\/2&#8243;][vc_single_image image=\u00bb50712&#8243; img_size=\u00bbfull\u00bb edgt_css_animation=\u00bb\u00bb][\/vc_column][\/vc_row][vc_row row_type=\u00bbrow\u00bb use_row_as_full_screen_section=\u00bbno\u00bb type=\u00bbgrid\u00bb anchor=\u00bbCV\u00bb oblique_section=\u00bbno\u00bb text_align=\u00bbcenter\u00bb triangle_shape=\u00bbno\u00bb padding_top=\u00bb41&#8243; padding_bottom=\u00bb76&#8243; css_animation=\u00bb\u00bb box_shadow_on_row=\u00bbno\u00bb][vc_column][vc_column_text]<\/p>\n<h2 style=\"text-align: center;\">Trabaja con nosotros<\/h2>\n<p>[\/vc_column_text][vc_separator type=\u00bbsmall\u00bb position=\u00bbcenter\u00bb border_style=\u00bbdotted\u00bb up=\u00bb24&#8243;][vc_column_text]<\/p>\n<p style=\"text-align: center;\">Somos una empresa en constante crecimiento<\/p>\n<p style=\"text-align: center;\"><strong>Si quieres formar parte de nuestro equipo<\/strong> env\u00edanos tu <strong>curriculum<\/strong><\/p>\n<p>[\/vc_column_text][vc_separator type=\u00bbtransparent\u00bb up=\u00bb24&#8243;]<a href=\"mailto:akilan@akilan.es\" target=\"_self\" data-hover-background-color=#e28a27 data-hover-border-color=#e28a27 data-hover-color=#ffffff  class=\"qbutton  large icon_right\" style=\"color: #908e8c; border-color: #908e8c; border-width: 1px; font-weight: 600; margin: 1; background-color: #ffffff;\">Adjuntar CV<\/a>[\/vc_column][\/vc_row][vc_row row_type=\u00bbrow\u00bb use_row_as_full_screen_section=\u00bbno\u00bb type=\u00bbgrid\u00bb anchor=\u00bbcontacto\u00bb oblique_section=\u00bbno\u00bb text_align=\u00bbleft\u00bb triangle_shape=\u00bbyes\u00bb triangle_shape_position=\u00bbtop\u00bb triangle_shape_color=\u00bb#ffffff\u00bb background_image=\u00bb50701&#8243; padding_bottom=\u00bb25&#8243; css_animation=\u00bb\u00bb box_shadow_on_row=\u00bbno\u00bb][vc_column][vc_separator type=\u00bbtransparent\u00bb up=\u00bb75&#8243;][vc_column_text]<\/p>\n<h2 style=\"text-align: center;\"><span style=\"color: #ffffff;\" data-darkreader-inline-color=\"\">CONTACTO<\/span><\/h2>\n<p>[\/vc_column_text][vc_separator type=\u00bbsmall\u00bb position=\u00bbcenter\u00bb color=\u00bb#ffffff\u00bb up=\u00bb24&#8243;][vc_column_text]<\/p>\n<p style=\"text-align: center;\"><span style=\"color: #ffffff;\" data-darkreader-inline-color=\"\">Escr\u00edbenos y te ofreceremos m\u00e1s informaci\u00f3n sobre nuestros servicios.<\/span><\/p>\n<p>[\/vc_column_text][vc_separator type=\u00bbtransparent\u00bb up=\u00bb20&#8243;]\n<div class=\"wpcf7 no-js\" id=\"wpcf7-f50747-o1\" lang=\"en-US\" dir=\"ltr\" data-wpcf7-id=\"50747\">\n<div class=\"screen-reader-response\"><p role=\"status\" aria-live=\"polite\" aria-atomic=\"true\"><\/p> <ul><\/ul><\/div>\n<form action=\"\/index.php\/wp-json\/wp\/v2\/pages\/50696#wpcf7-f50747-o1\" method=\"post\" class=\"wpcf7-form init cf7_custom_style_3\" aria-label=\"Contact form\" enctype=\"multipart\/form-data\" novalidate=\"novalidate\" data-status=\"init\">\n<fieldset class=\"hidden-fields-container\"><input type=\"hidden\" name=\"_wpcf7\" value=\"50747\" \/><input type=\"hidden\" name=\"_wpcf7_version\" value=\"6.1.5\" \/><input type=\"hidden\" name=\"_wpcf7_locale\" value=\"en_US\" \/><input type=\"hidden\" name=\"_wpcf7_unit_tag\" value=\"wpcf7-f50747-o1\" \/><input type=\"hidden\" name=\"_wpcf7_container_post\" value=\"0\" \/><input type=\"hidden\" name=\"_wpcf7_posted_data_hash\" value=\"\" \/>\n<\/fieldset>\n<p><span id=\"wpcf7-69e1efdf7814b-wrapper\" class=\"wpcf7-form-control-wrap webmailgl-wrap\" style=\"display:none !important; visibility:hidden !important;\"><label for=\"wpcf7-69e1efdf7814b-field\" class=\"hp-message\">Please leave this field empty.<\/label><input id=\"wpcf7-69e1efdf7814b-field\"  class=\"wpcf7-form-control wpcf7-text\" type=\"text\" name=\"webmailgl\" value=\"\" size=\"40\" tabindex=\"-1\" autocomplete=\"new-password\" \/><\/span>\n<\/p>\n<div class=\"two_columns_50_50 clearfix\">\n\t<div class=\"column1\">\n\t\t<div class=\"column_inner\">\n\t\t\t<p><span class=\"wpcf7-form-control-wrap\" data-name=\"your-name\"><input size=\"40\" maxlength=\"400\" class=\"wpcf7-form-control wpcf7-text wpcf7-validates-as-required\" aria-required=\"true\" aria-invalid=\"false\" placeholder=\"Nombre*\" value=\"\" type=\"text\" name=\"your-name\" \/><\/span>\n\t\t\t<\/p>\n\t\t<\/div>\n\t<\/div>\n\t<div class=\"column2\">\n\t\t<div class=\"column_inner\">\n\t\t\t<p><span class=\"wpcf7-form-control-wrap\" data-name=\"your-email\"><input size=\"40\" maxlength=\"400\" class=\"wpcf7-form-control wpcf7-email wpcf7-validates-as-required wpcf7-text wpcf7-validates-as-email\" aria-required=\"true\" aria-invalid=\"false\" placeholder=\"Correo electr\u00f3nico*\" value=\"\" type=\"email\" name=\"your-email\" \/><\/span>\n\t\t\t<\/p>\n\t\t<\/div>\n\t<\/div>\n<\/div>\n<p><span class=\"wpcf7-form-control-wrap\" data-name=\"message\"><textarea cols=\"40\" rows=\"10\" maxlength=\"2000\" class=\"wpcf7-form-control wpcf7-textarea wpcf7-validates-as-required\" aria-required=\"true\" aria-invalid=\"false\" placeholder=\"Mensaje*\" name=\"message\"><\/textarea><\/span>\n<\/p>\n<p><span class=\"wpcf7-form-control-wrap\" data-name=\"file-622\"><input size=\"40\" class=\"wpcf7-form-control wpcf7-file\" accept=\".pdf,.txt,.doc,.docx\" aria-invalid=\"false\" type=\"file\" name=\"file-622\" \/><\/span>\n<\/p>\n<p><span class=\"wpcf7-form-control-wrap\" data-name=\"MayordeEdad\"><span class=\"wpcf7-form-control wpcf7-acceptance\"><span class=\"wpcf7-list-item\"><label><input type=\"checkbox\" name=\"MayordeEdad\" value=\"1\" aria-invalid=\"false\" \/><span class=\"wpcf7-list-item-label\">Soy mayor de edad<\/span><\/label><\/span><\/span><\/span><br \/>\n<span class=\"wpcf7-form-control-wrap\" data-name=\"infocomercial\"><span class=\"wpcf7-form-control wpcf7-acceptance optional\"><span class=\"wpcf7-list-item\"><input type=\"checkbox\" name=\"infocomercial\" value=\"1\" aria-invalid=\"false\" \/><\/span><\/span><\/span> Acepto recibir informaci\u00f3n comercial, incluso por correo electr\u00f3nico <br \/>\n<span class=\"wpcf7-form-control-wrap\" data-name=\"aceptoprivacidad\"><span class=\"wpcf7-form-control wpcf7-acceptance\"><span class=\"wpcf7-list-item\"><input type=\"checkbox\" name=\"aceptoprivacidad\" value=\"1\" aria-invalid=\"false\" \/><\/span><\/span><\/span> He le\u00eddo y acepto la <a href=\"index.php\/politica-de-privacidad\">Pol\u00edtica de Privacidad<\/a>\n<\/p>\n<p><input class=\"wpcf7-form-control wpcf7-submit has-spinner\" type=\"submit\" value=\"ENVIAR\" \/>\n<\/p><p style=\"display: none !important;\" class=\"akismet-fields-container\" data-prefix=\"_wpcf7_ak_\"><label>&#916;<textarea name=\"_wpcf7_ak_hp_textarea\" cols=\"45\" rows=\"8\" maxlength=\"100\"><\/textarea><\/label><input type=\"hidden\" id=\"ak_js_1\" name=\"_wpcf7_ak_js\" value=\"220\"\/><script>document.getElementById( \"ak_js_1\" ).setAttribute( \"value\", ( new Date() ).getTime() );<\/script><\/p><div class=\"wpcf7-response-output\" aria-hidden=\"true\"><\/div>\n<\/form>\n<\/div>\n[vc_separator type=\u00bbtransparent\u00bb up=\u00bb75&#8243;][\/vc_column][\/vc_row]<\/p>\n","protected":false},"excerpt":{"rendered":"<p>[vc_row row_type=\u00bbrow\u00bb use_row_as_full_screen_section=\u00bbno\u00bb type=\u00bbgrid\u00bb anchor=\u00bbinicio\u00bb oblique_section=\u00bbno\u00bb text_align=\u00bbleft\u00bb triangle_shape=\u00bbno\u00bb padding_top=\u00bb73&#8243; css_animation=\u00bb\u00bb box_shadow_on_row=\u00bbno\u00bb][vc_column][vc_column_text] AKILAN: VALOR A\u00d1ADIDO [\/vc_column_text][vc_separator type=\u00bbsmall\u00bb position=\u00bbcenter\u00bb up=\u00bb24&#8243;][vc_column_text] Las nuevas organizaciones competitivas del futuro ser\u00e1n aquellas que tengan implementadas aquellas funciones que aporten valor a\u00f1adido a su mercado, donde sus capacidades y recursos est\u00e9n orientados&#8230;<\/p>\n","protected":false},"author":1,"featured_media":0,"parent":0,"menu_order":0,"comment_status":"closed","ping_status":"closed","template":"full_width.php","meta":{"footnotes":""},"class_list":["post-50696","page","type-page","status-publish","hentry"],"jetpack_sharing_enabled":true,"_links":{"self":[{"href":"https:\/\/www.akilan.es\/index.php\/wp-json\/wp\/v2\/pages\/50696","targetHints":{"allow":["GET"]}}],"collection":[{"href":"https:\/\/www.akilan.es\/index.php\/wp-json\/wp\/v2\/pages"}],"about":[{"href":"https:\/\/www.akilan.es\/index.php\/wp-json\/wp\/v2\/types\/page"}],"author":[{"embeddable":true,"href":"https:\/\/www.akilan.es\/index.php\/wp-json\/wp\/v2\/users\/1"}],"replies":[{"embeddable":true,"href":"https:\/\/www.akilan.es\/index.php\/wp-json\/wp\/v2\/comments?post=50696"}],"version-history":[{"count":49,"href":"https:\/\/www.akilan.es\/index.php\/wp-json\/wp\/v2\/pages\/50696\/revisions"}],"predecessor-version":[{"id":53783,"href":"https:\/\/www.akilan.es\/index.php\/wp-json\/wp\/v2\/pages\/50696\/revisions\/53783"}],"wp:attachment":[{"href":"https:\/\/www.akilan.es\/index.php\/wp-json\/wp\/v2\/media?parent=50696"}],"curies":[{"name":"wp","href":"https:\/\/api.w.org\/{rel}","templated":true}]}}